36. Let n be l(w). Suppose n*g = 15*g + 7978. Is g a prime number?
True
Suppose 24 = 2*j + q - 2, 4*j - 58 = q. Suppose -j*g + 97516 = -14274. Is g prime?
False
Let h(j) = j + 22. Let w be h(-6). Let c be 32/w*4/(-2). Is (-23877)/(-81) - c/18 a composite number?
True
Let x = 42 + -16. Suppose 3*h - 139 = -3*n + 44, 0 = 2*n + 5*h - 125. Let l = n - x. Is l a prime number?
False
Suppose -2*n + 1546 = -4*n. Let y be 2*(2 - 598) - -6. Let s = n - y. Is s prime?
False
Suppose 3*a - 46 = 2*r + 8*a, 2*a - 4 = 0. Let g be (-10)/(-20)*52/(-2)*r. Let b = g - 102. Is b a composite number?
True
Let l(z) = 21*z + 8. Let y be l(-1). Let p(a) = -56*a + 15. Is p(y) composite?
False
Suppose -34*p = 48*p + 9*p - 8089081. Is p a composite number?
True
Suppose -7*y = -13*y + 7*y - 428059. Is y composite?
True
Let k be 2/(-7) + (-2084)/7. Let j be 4 + 4552/(-8) - 2/1. Let r = k - j. Is r a prime number?
True
Let k = 15 + -18. Let h be -3 + 5 - (-18 + 0/k). Is 2*(-5)/h - 45/(-2) a composite number?
True
Let y = 754 + -459. Let a(j) = j**2 - 6*j - 1. Let k be a(7). Suppose m = k*m - y. Is m a prime number?
True
Suppose 21*l - 1824515 - 2293018 = 0. Is l composite?
False
Suppose -2*s + 2*h + 20 = 0, -h = -2*s - 8 + 30. Let q(f) = 83*f**2 - 18*f + 22. Is q(s) a composite number?
True
Let m(i) = i**3 + 6*i**2 + 2*i - 6. Let r be m(-5). Suppose 0 = -r*v + 4618 + 6011. Is v a composite number?
False
Suppose -9*k = -252794 - 1349809. Is k a prime number?
True
Let a = 22 + -21. Let j be a/6 + -1*3442/(-12). Let g = 1164 - j. Is g prime?
True
Let g(k) be the first derivative of -15 - 7*k + 1/4*k**4 - 11/3*k**3 - 23/2*k**2. Is g(14) prime?
False
Suppose 74 = b - 1. Is (-6)/45 - (-124135)/b a composite number?
True
Is 134/(-1340) + (-1774422)/(-20) composite?
False
Suppose -54*f + 290879 = -397584 - 694423. Is f composite?
False
Let d(i) = 14661*i - 335. Is d(8) a composite number?
False
Let l be ((20/(-6))/(-1))/(12/18). Suppose 5*b = -l*m + 45245, 0 = -4*b - 2*m + 3540 + 32654. Suppose -5*n + b = -6537. Is n a prime number?
False
Let z(y) = y**3 + 168*y**2 - 354*y + 427. Is z(-108) a composite number?
False
Suppose 5*n - 24 = -3*u, -8*n + 7*n + 6 = u. Suppose 3*i + 4*f - 9018 = i, 13526 = n*i + 5*f. Is i prime?
True
Suppose -2*g - 1197660 = -4*u + 30312, 4*u - 3*g - 1227976 = 0. Is u composite?
False
Suppose -2*a - 5*l - 6622 = -800268, -a + 396825 = 2*l. Is a composite?
False
Suppose 0 = -53*l + 1025 - 389. Suppose -14*m + 4*s = -19*m + 12133, -l = 4*s. Is m a composite number?
True
Let r(m) = -48*m**3 - 3*m**2 + 15*m - 577. Is r(-24) a prime number?
True
Suppose -695 = -5*a + 4*p + 502, -p = -2. Let t be (27/(-18))/((-1)/(-2)) - a. Let q = 371 + t. Is q a prime number?
True
Suppose 0 = 4*f + 5*r - r + 32, r = f + 8. Let q be -957*3/(9/f) - -2. Let j = q + -1155. Is j composite?
False
Suppose -6729 = -35*c + 2721. Is 316492/18 + (-6)/c*-5 a composite number?
True
Let i = -16255 + 10743. Let s = -1751 - i. Is s prime?
True
Let i(f) be the second derivative of f**5/20 - f**4/2 + 2*f**3 - 8*f**2 - 39*f. Let l be i(4). Suppose l = 5*x + h - 605, 4*h - 7*h = 0. Is x prime?
False
Suppose -1409482 - 1403240 = -34*n + 1125532. Is n a composite number?
False
Let q(n) be the first derivative of 1410*n**2 + 43*n + 110. Is q(6) a composite number?
False
Let l = -17419 - -27914. Is l a prime number?
False
Is (182/(-56))/((-2)/30232) prime?
False
Let q = 77 + -65. Suppose q*v - 11*v - 4 = 0. Suppose -4*c + 8124 = 3*i - c, 0 = v*i - 3*c - 10825. Is i prime?
True
Let t be 2/(-9) + 30/(-162)*-822. Let i(g) = -4*g - 2 - g - 3 + t*g**2. Is i(-2) a prime number?
True
Suppose -3738 = -3*b + 16521. Is (((-54)/(-6))/27)/(1/b) a composite number?
False
Suppose 14*p + 2*v = 16*p - 23982, -5*p - 4*v + 59919 = 0. Is p a composite number?
False
Let o(m) = 1327*m + 11. Let u be o(3). Suppose -5*g = 20, 0*j - 4*j + 4*g = -u. Suppose -10*n + 8776 + j = 0. Is n a prime number?
True
Suppose 1784*j - 1770*j - 656614 = 0. Is j composite?
False
Suppose -5*x + 418227 = -1180123. Suppose 13*r - 23*r = -x. Is r composite?
True
Suppose 3*v = 1 - 16, -5*v + 237081 = 2*x. Is x prime?
False
Suppose 5*i - 4*i - 5*o + 7 = 0, i = o + 13. Is 2*(-2)/i + 2158267/261 a prime number?
True
Suppose 16*a - 31 = 49. Suppose 189943 = -a*n + 18*n. Is n a composite number?
True
Suppose 3*k + 637 = -4*t + 5*t, k = -5. Is -2 - (6 - (-1 + t)) prime?
True
Suppose -4*n - 4*b + 76496 = 0, -3*n + 2*n + 19127 = 2*b. Is n prime?
True
Suppose -2*w = -4*j + 2274314, 92*j + 4*w - 2274296 = 88*j. Is j composite?
False
Let d be (27/18)/(15766/7880 - 2). Suppose 0 = n + n - d. Is n prime?
False
Suppose 2*i - 416061 = -3*w - 0*i, 0 = -w + 4*i + 138715. Is w a composite number?
True
Is 23 - -85257 - 36*(-7)/(-28) a composite number?
True
Suppose 390*m - 631381519 = -204547579. Is m composite?
True
Suppose 6*b - 379 = -379. Suppose -21*o + 20*o + 2 = b, 43877 = 3*v + 4*o. Is v composite?
True
Let j(s) = 411*s**2 - 48*s - 846. Is j(-29) composite?
True
Suppose 12*t - 6*t + 5028 = 0. Let k = -57 - t. Is k composite?
True
Let k(f) = -64 - 55 + 33*f**2 - 13*f - 5*f**2 + 0*f**2. Is k(-10) a composite number?
True
Suppose 605*j + 12 = 599*j. Let c(f) = -1235*f - 11. Is c(j) a prime number?
True
Let p = 22461 - 15023. Let m = -4408 + p. Suppose 2*c - m = -4*c. Is c a prime number?
False
Let k(v) be the first derivative of v**4/4 + 2*v**3/3 + 5*v**2/2 - 5*v + 1. Let o(u) = u**2 - 15*u + 58. Let r be o(9). Is k(r) prime?
False
Suppose 3*k + 4*s - 36 = 0, -k = -0*k - 4*s - 12. Suppose -16*p + 4 = -k*p. Is (-1 + 2)*p*1835 composite?
True
Let k(z) be the second derivative of 67*z**3/6 + 6*z**2 + 70*z. Let u(i) = i**3 + 4*i**2 - 7*i - 7. Let v be u(-5). Is k(v) composite?
True
Is ((10 - 5)/5)/((-26)/(-2116426)) composite?
False
Suppose 5*p - 2*p - 968 = -2*o, 5*o + 5*p - 2430 = 0. Suppose 0 = d + 6*g - 5*g - o, 4*g = 3*d - 1449. Is d composite?
False
Suppose -4*v + 282 = 4*n + 42, -5*n = 2*v - 129. Let z(q) = -q**3 + 7*q**2 - 6*q + 44. Let a be z(7). Suppose 0 = a*o + o - v. Is o composite?
False
Suppose -89971268 = -191*o + 61146213. Is o a composite number?
False
Let p(m) = -260*m**2 - 12*m + 19. Let g(i) = 521*i**2 + 24*i - 39. Let r(b) = -2*g(b) - 5*p(b). Is r(2) prime?
True
Suppose 27651187 = -44*z - 29949741. Is ((-2)/8)/(-10 - z/130912) a prime number?
True
Is (-36)/18 - (-5 + -138626) composite?
False
Let l = 1265456 - 398127. Is l a composite number?
True
Let d = -120872 - -267469. Is d a prime number?
False
Let l(c) = 256*c**2 - 4*c + 2. Let g be (7 - 6)/((-9)/(-3) + -2). Is l(g) prime?
False
Suppose 0 = -2*y - 3*y - 175. Let a(c) = -c**2 - 3*c + 170. Let f be a(12). Is (-2)/f + 7/(y/(-1314)) prime?
True
Suppose -312145 = -38*d + 34*d + 230923. Is d prime?
False
Let j(q) = -2650*q - 36. Let b be j(-2). Suppose 4*x - 4*c = b, 4*x + 2*c = 4586 + 660. Is x prime?
False
Let w(n) = 8*n**2 - 46*n - 9. Let j = -115 + 121. Suppose j*a - 27 = 51. Is w(a) composite?
True
Suppose 70*z - 68*z - 110 = 0. Let o = z - 46. Let f(i) = 258*i + 11. Is f(o) a prime number?
True
Let c(h) = -h**2 + 2*h - 4. Let j be c(4). Is (-2)/((j/669)/(-4)*-2) composite?
False
Suppose 173*q = 202*q - 1257005. Is q a prime number?
False
Suppose -28*a = -78*a + 3359159 - 747309. Is a prime?
True
Let g = 812 + 784. Suppose 0 = 5*t - o - 6919, -g + 5749 = 3*t - o. Is t a prime number?
False
Let t(o) = 187*o - 121. Suppose -4*m + 3*b + 100 = 2*b, 5*m - b = 124. Is t(m) prime?
False
Let n(l) be the second derivative of -112/3*l**3 + 6*l + 19/2*l**2 + 0. Is n(-6) prime?
False
Suppose 0 = a - z - 2*z - 121, 234 = 2*a - 2*z. Let q = a + -110. Suppose -3*o + 2*j + 443 = 0, q*j - 755 = -8*o + 3*o. Is o composite?
False
Suppose 0 = -3*n + 6 + 6. Suppose -3848 = -5*h + h. Suppose n*f + h = 6*f. Is f prime?
False
Suppose 81474 - 175491 = -18*j + 685275. Is j a prime number?
False
Suppose -3*f = f + n + 1580, 5*f = -4*n - 1986. Is f*-2*7 + (-9)/3 prime?
False
Is 2/2*(12184 + -5) a composite number?
True
Let o(w) = 1695*w**3 - 189*w**3 + 356*w**3 + 1 + 3*w**2 + 4*w**2 - w. Is o(2) a prime number?
True
Is (-10891272)/(-32) + 5/(-2)*2/4 prime?
False
Let x be 4/18 + 6/((-378)/(-301)). Suppose 5*b + 403 = -5*w + 4718, 5*w - x*b - 4275 = 0. Is w composite?
False
Let b = -1106300 + 1651107. Is b a pri